3
What is the ten thousands digit of 28933?
2
What is the thousands digit of 1480?
1
What is the units digit of 84171?
1
What is the tens digit of 2713?
1
What is the thousands digit of 22591?
2
What is the hundreds digit of 63177?
1
What is the units digit of 255?
5
What is the tens digit of 47652?
5
What is the thousands digit of 4164?
4
What is the units digit of 5752?
2
What is the hundreds digit of 135?
1
What is the ten thousands digit of 35065?
3
What is the hundreds digit of 26099?
0
What is the units digit of 1338?
8
What is the hundreds digit of 598?
5
What is the tens digit of 695?
9
What is the hundreds digit of 34302?
3
What is the units digit of 1277?
7
What is the units digit of 747?
7
What is the tens digit of 104?
0
What is the units digit of 57271?
1
What is the thousands digit of 2134?
2
What is the hundreds digit of 4978?
9
What is the thousands digit of 61688?
1
What is the tens digit of 737?
3
What is the hundreds digit of 876?
8
What is the hundreds digit of 588?
5
What is the tens digit of 83833?
3
What is the thousands digit of 2294?
2
What is the tens digit of 4663?
6
What is the tens digit of 286?
8
What is the thousands digit of 4124?
4
What is the units digit of 11825?
5
What is the thousands digit of 22648?
2
What is the units digit of 615?
5
What is the units digit of 9121?
1
What is the thousands digit of 173019?
3
What is the hundreds digit of 7350?
3
What is the units digit of 793?
3
What is the tens digit of 2109?
0
What is the hundreds digit of 2927?
9
What is the thousands digit of 24077?
4
What is the thousands digit of 66381?
6
What is the thousands digit of 20000?
0
What is the tens digit of 210?
1
What is the hundreds digit of 159?
1
What is the units digit of 59814?
4
What is the hundreds digit of 31893?
8
What is the units digit of 70?
0
What is the tens digit of 14062?
6
What is the units digit of 4638?
8
What is the tens digit of 4918?
1
What is the hundreds digit of 859?
8
What is the tens digit of 13944?
4
What is the hundreds digit of 2134?
1
What is the thousands digit of 3126?
3
What is the hundreds digit of 14548?
5
What is the tens digit of 7658?
5
What is the hundreds digit of 3923?
9
What is the units digit of 971?
1
What is the units digit of 2876?
6
What is the thousands digit of 18756?
8
What is the hundreds digit of 29012?
0
What is the thousands digit of 1068?
1
What is the units digit of 45570?
0
What is the thousands digit of 67523?
7
What is the tens digit of 1776?
7
What is the hundreds digit of 9978?
9
What is the tens digit of 5214?
1
What is the hundreds digit of 605?
6
What is the tens digit of 353?
5
What is the hundreds digit of 3048?
0
What is the thousands digit of 1737?
1
What is the tens digit of 126615?
1
What is the units digit of 126?
6
What is the thousands digit of 2789?
2
What is the tens digit of 11556?
5
What is the ten thousands digit of 13595?
1
What is the thousands digit of 1622?
1
What is the units digit of 191982?
2
What is the hundreds digit of 12162?
1
What is the ten thousands digit of 14664?
1
What is the tens digit of 11346?
4
What is the hundreds digit of 1230?
2
What is the hundreds digit of 699?
6
What is the thousands digit of 9017?
9
What is the hundreds digit of 34857?
8
What is the thousands digit of 54569?
4
What is the thousands digit of 1395?
1
What is the ten thousands digit of 11966?
1
What is the units digit of 2382?
2
What is the units digit of 3237?
7
What is the ten thousands digit of 11440?
1
What is the hundreds digit of 1286?
2
What is the hundreds digit of 18121?
1
What is the thousands digit of 30004?
0
What is the units digit of 2740?
0
What is the tens digit of 30375?
7
What is the tens digit of 33893?
9
What is the tens digit of 14687?
8
What is the hundreds digit of 89535?
5
What is the units digit of 687?
7
What is the thousands digit of 7617?
7
What is the thousands digit of 7260?
7
What is the tens digit of 833?
3
What is the units digit of 721?
1
What is the hundreds digit of 334?
3
What is the tens digit of 6121?
2
What is the hundreds digit of 6475?
4
What is the tens digit of 829?
2
What is the units digit of 353?
3
What is the tens digit of 6474?
7
What is the tens digit of 22200?
0
What is the hundreds digit of 20967?
9
What is the thousands digit of 28300?
8
What is the ten thousands digit of 22528?
2
What is the units digit of 1144?
4
What is the hundreds digit of 127074?
0
What is the hundreds digit of 11628?
6
What is the tens digit of 8485?
8
What is the tens digit of 4860?
6
What is the units digit of 133761?
1
What is the tens digit of 913?
1
What is the tens digit of 29934?
3
What is the units digit of 1620?
0
What is the ten thousands digit of 63217?
6
What is the ten thousands digit of 150477?
5
What is the units digit of 2597?
7
What is the thousands digit of 17419?
7
What is the units digit of 19404?
4
What is the units digit of 200?
0
What is the hundreds digit of 54762?
7
What is the tens digit of 103?
0
What is the units digit of 104902?
2
What is the thousands digit of 1947?
1
What is the units digit of 41053?
3
What is the units digit of 360?
0
What is the tens digit of 155078?
7
What is the thousands digit of 13961?
3
What is the ten thousands digit of 44951?
4
What is the tens digit of 8742?
4
What is the ten thousands digit of 71570?
7
What is the hundreds digit of 196?
1
What is the tens digit of 5117?
1
What is the hundreds digit of 80460?
4
What is the thousands digit of 2773?
2
What is the units digit of 757?
7
What is the units digit of 3341?
1
What is the tens digit of 1196?
9
What is the hundreds digit of 15303?
3
What is the thousands digit of 10345?
0
What is the hundreds digit of 6541?
5
What is the units digit of 2598?
8
What is the tens digit of 397?
9
What is the hundreds digit of 6162?
1
What is the units digit of 2655?
5
What is the thousands digit of 5422?
5
What is the units digit of 353?
3
What is the tens digit of 13113?
1
What is the thousands digit of 138070?
8
What is the thousands digit of 185128?
5
What is the thousands digit of 3835?
3
What is the hundreds digit of 15764?
7
What is the units digit of 42326?
6
What is the units digit of 1234?
4
What is the hundreds digit of 3637?
6
What is the ten thousands digit of 17591?
1
What is the thousands digit of 3060?
3
What is the tens digit of 1783?
8
What is the hundreds digit of 991?
9
What is the tens digit of 153?
5
What is the thousands digit of 1119?
1
What is the tens digit of 9388?
8
What is the tens digit of 141577?
7
What is the tens digit of 45254?
5
What is the tens digit of 3748?
4
What is the thousands digit of 26132?
6
What is the thousands digit of 18972?
8
What is the hundreds digit of 962?
9
What is the tens digit of 50?
5
What is the tens digit of 237?
3
What is the tens digit of 44752?
5
What is the units digit of 8359?
9
What is the thousands digit of 2173?
2
What is the tens digit of 30959?
5
What is the tens digit of 1453?
5
What is the tens digit of 27811?
1
What is the tens digit of 17485?
8
What is the ten thousands digit of 16434?
1
What is the units digit of 7950?
0
What is the ten thousands digit of 21574?
2
What is the ten thousands digit of 22859?
2
What is the hundreds digit of 59441?
4
What is the thousands digit of 19092?
9
What is the thousands digit of 9174?
9
What is the tens digit of 398?
9
What is the hundreds digit of 27111?
1
What is the units digit of 3837?
7
What is the units digit of 72773?
3
What is the hundreds digit of 567?
5
What is the tens digit of 3073?
7
What is the thousands digit of 2720?
2
What is the units digit of 1990?
0
What is the ten thousands digit of 11830?
1
What is the hundreds digit of 6309?
3
What is the tens digit of 2228?
2
What is the thousands digit of 2186?
2
What is the units digit of 2078?
8
What is the tens digit of 57282?
8
What is the hundreds digit of 13153?
1
What is the thousands digit of 4299?
4
What is the hundreds digit of 26547?
5
What is the units digit of 753?
3
What is the units digit of 17910?
0
What is the hundreds digit of 181015?
0
What is the tens digit of 18816?
1
What is the thousands digit of 53819?
3
What is the hundreds digit of 872?
8
What is the hundreds digit of 13658?
6
What is the hundreds digit of 6019?
0
What is the tens dig